 = 25, 4*h - 5*a + a + 60 = 0. What are the prime factors of m(h)?
3, 41
Let i(j) = 43*j**3 + 10*j**2 + 12*j - 128. List the prime factors of i(7).
3, 5, 1013
Suppose 3*k - 2*w = -k + 26, -2*k + 3*w = -19. Suppose -3*f - k = 4, -3011 = -5*y - 3*f. Suppose -12*d = -8*d - y. List the prime factors of d.
151
Let o(x) be the first derivative of -x**2/2 - 3*x + 2. Let w(c) = 1. Let h(p) = -o(p) - 4*w(p). What are the prime factors of h(25)?
2, 3
Let w(n) = 4*n**2 - 5*n - 4. Let a be w(6). Suppose r - 60 = a. Let v = 268 - r. What are the prime factors of v?
2, 7
Suppose 27 = 4*a + 27. Suppose -2*w - w + 6 = a. Suppose 5*g + o - 247 = 0, 17 = w*g - 4*o - 73. List the prime factors of g.
7
Let d be (-34)/(-3) - ((-132)/(-18) + -7). Suppose 0 = 4*f + 5*z - 4056, -9*z + d*z - 1014 = -f. What are the prime factors of f?
2, 3, 13
Suppose 0 = a - 3*n - 405 - 201, 0 = 3*a - 2*n - 1804. Suppose 5*x = 10*x + a. Let l = x - -245. List the prime factors of l.
5
Suppose 28642582 = 329*n + 209*n. List the prime factors of n.
53239
Let l(k) = -k**3 + 28*k**2 + k - 25. Let t be l(28). Suppose -t*z = -2*z - 208. What are the prime factors of z?
2, 13
Let g(p) = 15*p**2 + 12*p + 12. Let x(h) = 13*h + 135. Let z be x(-10). List the prime factors of g(z).
3, 149
Let w(h) = -3*h**3 + 35*h**2 + 70*h + 1621. List the prime factors of w(-25).
7, 9803
Suppose 23*z - 630 = 2498. Let r = z + 659. List the prime factors of r.
3, 5, 53
Suppose 23*j - 3199512 = -49*j - 160*j. What are the prime factors of j?
3, 4597
Let a = -33201 - -49276. List the prime factors of a.
5, 643
Let a be ((-30)/9)/(-5) - 20/(-15). Let k be a + (8 - 4)/8*6. Suppose 0 = 4*y + k - 1, 3*i + y = 560. What are the prime factors of i?
11, 17
Let f(m) = -7474*m + 16. What are the prime factors of f(-2)?
2, 3, 29, 43
Suppose -4*d - 2*r + 30 = -8, 0 = 2*d - r - 13. What are the prime factors of d/52 + (-5454)/(-39)?
2, 5, 7
Let k = 7116 + 4193. List the prime factors of k.
43, 263
List the prime factors of (753147/(-18))/(6*10/(-120)).
67, 1249
Let l = 1 - 1. Let x be (-342)/(-38) + -5*2/2. Suppose -4*t = 4*q - l*t - 700, -x*q + 3*t + 679 = 0. What are the prime factors of q?
2, 43
Let l be 10/3*(-56 - -5). Let m = 145 - l. Suppose -3*o = -8*o + m. List the prime factors of o.
3, 7
Let b = -12 - -36. Suppose b*s - 50 = 22*s. List the prime factors of (-5 - -9) + 3 + s.
2
Let d = -32 + 43. Suppose 16*z = d*z + 25. What are the prime factors of 1/(z/761) + 23/(-115)?
2, 19
Let w be 1 + 0 - (12 + -1). Let l(r) = -12*r + 9*r**2 + r**3 + 9 + 3 + 14 - 23. What are the prime factors of l(w)?
23
Let g(w) be the first derivative of -w**2/2 + 10*w + 1. Let u be g(0). Suppose 5*l + 485 = u*l. List the prime factors of l.
97
Let b be 33/15 - (-1)/(-5). Suppose -5*z = -m - 54, -2*z + m + 16 = b*m. Let d(l) = 6*l - 11. List the prime factors of d(z).
7
Let s = 2286 + 21789. List the prime factors of s.
3, 5, 107
Let f(j) = 489*j**2 - 188*j - 10. What are the prime factors of f(6)?
2, 8233
Let k be 1 - (-8)/(56/21). Suppose k*o - 2*a = 1486, -8*o + 4*o - 3*a = -1471. What are the prime factors of o?
2, 5, 37
Let t be (-70606)/(-10) + -2 + 91/65. Suppose -16*m - 596 = -t. List the prime factors of m.
2, 101
Let k = 143 - 23. Suppose k*y - 3624 = 114*y. What are the prime factors of y?
2, 151
Let l be (0 - -1) + ((-130)/(-10) - 9). Suppose 2*c = 4, 2*c - 470 = -l*k + 4*k. List the prime factors of k.
2, 233
Let u be (7 - 14 - -39) + 1. List the prime factors of ((-780)/(-10) - -7)*u/5.
3, 11, 17
Suppose 0*g = -3*g + 12. Let r(f) = 4*f - f + g*f - 4*f + 2. What are the prime factors of r(9)?
29
Let a(v) = 2. Let l(j) = -9*j - 22. Let o(z) = 2*z + 20. Let s be o(-19). Let m(h) = s*a(h) - 2*l(h). List the prime factors of m(4).
2, 5
Suppose -2*m - 3*t = -330, 94 + 566 = 4*m - 4*t. Let c = 305 - m. Let i = c + -48. List the prime factors of i.
2, 23
Let s = -37819 + 65641. What are the prime factors of s?
2, 3, 4637
Let z = 81132 + -55961. What are the prime factors of z?
25171
Suppose 18492 = 1655*k - 1643*k. List the prime factors of k.
23, 67
Suppose -2*g + 66 = -60. Suppose 0 = a + k - 162, 10*k = a + 13*k - 164. Let n = a - g. List the prime factors of n.
2, 7
Suppose -4*g - 17390 - 8755 = -9*g. List the prime factors of g.
3, 7, 83
Let w = 33 - 28. Let n be (-258)/(-15)*w + 3/(-1). Let p = n - 48. What are the prime factors of p?
5, 7
Suppose 0 = 41*x - 93*x + 364. Let i be ((-16)/(-6))/(2/27). Let y = i + x. List the prime factors of y.
43
Let z(y) = 2*y**3 + 5*y**2 - 7*y + 1. Let w be -134*7/182 + 2/13. Let l be z(w). Let r = l - -196. List the prime factors of r.
107
Suppose -33*i + 20 = -29*i. Suppose -1481 = -4*h + 7*k - 12*k, 0 = 5*k - i. What are the prime factors of h?
3, 41
Let z = -73 - 285. Let i = z - -1199. List the prime factors of i.
29
Let m be 22/33*(-8442)/(-4). Let i = m + -704. List the prime factors of i.
19, 37
Suppose 0 = 5*i - 3*q - 225093, 61*q + 180088 = 4*i + 62*q. What are the prime factors of i?
3, 43, 349
Let c = -15220 - -22273. What are the prime factors of c?
3, 2351
Let g(v) = v + 14. Let y be (4/8)/(1/(-14)). Let j be g(y). Let d(u) = u**3 - 3*u**2 - 8*u + 1. List the prime factors of d(j).
3, 47
Suppose -27 - 47 = -6*s - 1184. Let l = -263 + 525. Let n = l + s. What are the prime factors of n?
7, 11
Suppose -2*x = 2*s - 5889 - 5547, 3*x - 3*s - 17124 = 0. What are the prime factors of x?
29, 197
Let p(g) = -g. Let o be p(-1). Let k(s) = 4*s**2 - 93*s. Let m be k(23). What are the prime factors of 1 + o*(-1)/(-1) - m?
5
Let q = 9852 - 5305. List the prime factors of q.
4547
Suppose 92*i + 176439 - 48746 = 1405757. What are the prime factors of i?
2, 23, 151
Let x(n) = 105*n**2 + 2*n + 3*n - 15 - 4*n. What are the prime factors of x(-3)?
3, 103
Let y = -611 + 427. Let i = 64 - y. What are the prime factors of i?
2, 31
Let p(d) = -26*d**3 + d**2 - 19*d - 294. List the prime factors of p(-13).
2, 11, 1301
Let r = 28 - 28. Suppose r*w - 8*w = -24. Suppose 4*s + w*s = 161. What are the prime factors of s?
23
Let q = 380 - -2811. Suppose 4248 = -0*p + 4*p + j, 3*p + 2*j = q. Suppose -1027 = -8*t + p. What are the prime factors of t?
3, 29
Suppose -4*k = -5 - 3. Let z(l) = -9 - k*l + 2 + 0. What are the prime factors of z(-12)?
17
Let z(l) = l**2 + 11*l + 2. Let n be z(-11). Let q(u) = 4 + 25*u**3 - n*u + 15*u**3 - 5*u - 41*u**3 - 8*u**2. What are the prime factors of q(-8)?
2, 3, 5
Suppose 4*k - 16*q + 21*q - 54924 = 0, -2*k + 27456 = 4*q. What are the prime factors of k?
2, 17, 101
Let i be 442 + -3 - 3/((-12)/8). Let j = 596 + i. List the prime factors of j.
17, 61
Suppose -n - 1 = a, a + 5*n = -0*a - 17. Suppose 3*o - 60 = a*v, 4*o = -v - v + 74. Suppose o = 2*l - 3*r - 79, r + 206 = 4*l. What are the prime factors of l?
2, 13
Let n(v) = -2*v. Let o be n(-12). Let k = -26 + o. What are the prime factors of (-35)/2*2*k?
2, 5, 7
List the prime factors of 2 - 93803/(-7) - (-15)/(-35).
2, 6701
Let g(n) = 2*n**3 - n**2 + n - 3. Let d be g(2). Let j(y) = 70*y - 127. What are the prime factors of j(d)?
643
Let d(r) be the second derivative of -5*r**3/3 - 3*r**2/2 + 3*r. Let j be d(-7). Let z = 13 + j. List the prime factors of z.
2, 5
Suppose -637 = -3*s - f, s - 4*f = 2*s - 205. Suppose n + s = 4*n. Suppose b = 5*l + 125, 500 = 3*b + 3*l + n. What are the prime factors of b?
2, 5, 7
Let c be (150/9)/(4/858). Suppose 0 = 8*d + 87 - c. What are the prime factors of d?
2, 109
Let a = -3012 - -3109. What are the prime factors of a?
97
Let f(t) = -t**2 + 17*t + 114. Let i be f(-5). Let s(g) = 27*g - 2. Let b be s(-3). What are the prime factors of 1 + i - 10 - b?
2, 3, 13
What are the prime factors of (-11654)/(-10) + 952/(-680)?
2, 3, 97
Let p = -623 - -1499. Suppose p = -149*a + 150*a. List the prime factors of a.
2, 3, 73
Suppose -712 = -5*k + 268. Suppose -8*g - 43 + 2 - 111 = 0. Let v = k + g. List the prime factors of v.
3, 59
Let b = 11541 - -7249. List the prime factors of b.
2, 5, 1879
Let x = -30 + 33. Suppose 4*l = -r - 15, 4*l + x*r + r + 24 = 0. What are the prime factors of 5 - (l + -2)/5?
2, 3
Suppose -r + 5*a - 17 = 0, 0 = -2*r - 4*a + 8 - 0. Let m(k) = -6*k**3 - k**2 + 3*k + 4. Let b be m(r). Let d = b - 40. What are the prime factors of d?
2
Suppose 781*g = 790*g - 52254. What a